 divided by 362.
216
Calculate the remainder when 8886 is divided by 8815.
71
What is the remainder when 9059 is divided by 119?
15
Calculate the remainder when 129868 is divided by 130.
128
Calculate the remainder when 17839099 is divided by 2290.
2289
What is the remainder when 16004 is divided by 302?
300
Calculate the remainder when 16736 is divided by 697.
8
Calculate the remainder when 64014 is divided by 22.
16
Calculate the remainder when 26838 is divided by 122.
120
Calculate the remainder when 40385 is divided by 17.
10
What is the remainder when 10763 is divided by 78?
77
Calculate the remainder when 4398 is divided by 120.
78
Calculate the remainder when 974 is divided by 646.
328
What is the remainder when 261855 is divided by 85?
55
Calculate the remainder when 165168 is divided by 347.
343
What is the remainder when 3164 is divided by 3156?
8
What is the remainder when 56470 is divided by 56394?
76
What is the remainder when 674800 is divided by 25?
0
Calculate the remainder when 140621 is divided by 153.
14
What is the remainder when 135580 is divided by 115?
110
What is the remainder when 2856 is divided by 56?
0
What is the remainder when 58347 is divided by 215?
82
Calculate the remainder when 6850 is divided by 2274.
28
Calculate the remainder when 17899 is divided by 64.
43
What is the remainder when 4031 is divided by 3283?
748
Calculate the remainder when 225595 is divided by 314.
143
What is the remainder when 125383 is divided by 48?
7
What is the remainder when 13112 is divided by 13110?
2
What is the remainder when 22391 is divided by 587?
85
What is the remainder when 66424 is divided by 49?
29
What is the remainder when 90463 is divided by 109?
102
Calculate the remainder when 2997 is divided by 668.
325
What is the remainder when 438 is divided by 274?
164
What is the remainder when 263 is divided by 56?
39
Calculate the remainder when 738713 is divided by 1539.
1532
What is the remainder when 13178 is divided by 693?
11
Calculate the remainder when 120667 is divided by 57.
55
Calculate the remainder when 3454 is divided by 430.
14
What is the remainder when 351548 is divided by 351545?
3
Calculate the remainder when 13761 is divided by 45.
36
What is the remainder when 3144 is divided by 120?
24
Calculate the remainder when 2045 is divided by 258.
239
Calculate the remainder when 17727 is divided by 4409.
91
What is the remainder when 273720 is divided by 273689?
31
What is the remainder when 168902 is divided by 816?
806
Calculate the remainder when 145024 is divided by 459.
439
What is the remainder when 251079 is divided by 1243?
1236
What is the remainder when 3554 is divided by 1103?
245
Calculate the remainder when 1690 is divided by 14.
10
What is the remainder when 107819 is divided by 849?
845
Calculate the remainder when 1024 is divided by 578.
446
What is the remainder when 1240993 is divided by 413664?
1
Calculate the remainder when 373080 is divided by 16958.
4
Calculate the remainder when 8497 is divided by 8095.
402
Calculate the remainder when 26367 is divided by 197.
166
What is the remainder when 3151 is divided by 1462?
227
Calculate the remainder when 408 is divided by 52.
44
Calculate the remainder when 11637 is divided by 1156.
77
Calculate the remainder when 36501 is divided by 216.
213
Calculate the remainder when 18646 is divided by 749.
670
What is the remainder when 121601 is divided by 87?
62
What is the remainder when 920 is divided by 22?
18
What is the remainder when 16720 is divided by 16714?
6
Calculate the remainder when 5384 is divided by 1765.
89
Calculate the remainder when 15058 is divided by 1183.
862
Calculate the remainder when 210928 is divided by 1.
0
What is the remainder when 6019 is divided by 287?
279
What is the remainder when 3447 is divided by 1233?
981
Calculate the remainder when 1679269 is divided by 191.
188
Calculate the remainder when 7127 is divided by 230.
227
What is the remainder when 32432 is divided by 318?
314
Calculate the remainder when 773694 is divided by 257879.
57
Calculate the remainder when 3060 is divided by 391.
323
What is the remainder when 11816 is divided by 5898?
20
What is the remainder when 82903 is divided by 23?
11
What is the remainder when 203 is divided by 14?
7
Calculate the remainder when 2848 is divided by 24.
16
Calculate the remainder when 18620 is divided by 4.
0
Calculate the remainder when 121503 is divided by 789.
786
What is the remainder when 29205 is divided by 3633?
141
Calculate the remainder when 2745 is divided by 92.
77
What is the remainder when 3131 is divided by 11?
7
What is the remainder when 52396 is divided by 42?
22
Calculate the remainder when 16194 is divided by 405.
399
What is the remainder when 52559 is divided by 116?
11
Calculate the remainder when 1947 is divided by 223.
163
What is the remainder when 2095 is divided by 286?
93
Calculate the remainder when 117347 is divided by 117335.
12
What is the remainder when 421887 is divided by 512?
511
What is the remainder when 1192 is divided by 112?
72
Calculate the remainder when 163069 is divided by 178.
21
Calculate the remainder when 193585 is divided by 27.
22
Calculate the remainder when 39552 is divided by 6.
0
What is the remainder when 8697164 is divided by 734?
732
Calculate the remainder when 647 is divided by 473.
174
What is the remainder when 38 is divided by 17?
4
Calculate the remainder when 19188 is divided by 36.
0
Calculate the remainder when 6887 is divided by 55.
12
Calculate the remainder when 106786 is divided by 20.
6
Calculate the remainder when 1390 is divided by 1.
0
Calculate the remainder when 1221035 is divided by 12.
11
Calculate the remainder when 7138 is divided by 986.
236
Calculate the remainder when 1787 is divided by 332.
127
What is the remainder when 567 is divided by 68?
23
What is the remainder when 6542 is divided by 363?
8
What is the remainder when 2029 is divided by 511?
496
Calculate the remainder when 4546 is divided by 35.
31
Calculate the remainder when 589 is divided by 97.
7
Calculate the remainder when 78395 is divided by 1285.
10
Calculate the remainder when 10708 is divided by 76.
68
What is the remainder when 4387 is divided by 484?
31
Calculate the remainder when 29106 is divided by 23.
11
What is the remainder when 1518 is divided by 4?
2
What is the remainder when 2639 is divided by 234?
65
Calculate the remainder when 2713 is divided by 438.
85
Calculate the remainder when 692 is divided by 221.
29
What is the remainder when 7223 is divided by 17?
15
Calculate the remainder when 3826 is divided by 889.
270
What is the remainder when 2431 is divided by 493?
459
What is the remainder when 23459 is divided by 195?
59
Calculate the remainder when 514155 is divided by 137.
131
Calculate the remainder when 8847 is divided by 130.
7
Calculate the remainder when 171 is divided by 16.
11
Calculate the remainder when 649529 is divided by 61.
1
What is the remainder when 1767 is divided by 119?
101
What is the remainder when 703 is divided by 277?
149
Calculate the remainder when 2492 is divided by 250.
242
Calculate the remainder when 102239 is divided by 160.
159
Calculate the remainder when 2801 is divided by 695.
21
Calculate the remainder when 296197 is divided by 621.
601
What is the remainder when 1622 is divided by 116?
114
What is the remainder when 10087 is divided by 759?
220
What is the remainder when 319 is divided by 223?
96
What is the remainder when 842509 is divided by 62?
53
Calculate the remainder when 22303 is divided by 1012.
39
What is the remainder when 147006 is divided by 188?
178
What is the remainder when 1621 is divided by 539?
4
Calculate the remainder when 7443 is divided by 196.
191
What is the remainder when 13901 is divided by 44?
41
What is the remainder when 326407 is divided by 27?
4
Calculate the remainder when 273350 is divided by 136.
126
What is the remainder when 158511 is divided by 110?
1
Calculate the remainder when 353 is divided by 62.
43
What is the remainder when 36582 is divided by 3036?
150
What is the remainder when 19337 is divided by 171?
14
Calculate the remainder when 28474 is divided by 47.
39
What is the remainder when 51846 is divided by 763?
7